17. Let z be f(5). Let g = z - -120. What are the prime factors of g?
223
Let a(m) = -2*m**3 + 27*m**2 - 2*m - 31. Let i(t) = -t**3 - 35*t**2 - 36*t - 57. Let h be i(-34). List the prime factors of a(h).
2, 3, 23
Let r be 3*(0 + (-50)/(-15)). Suppose 22 = r*v + 2. Suppose 0 = -2*h - v*h - 4*b + 296, -4*h + 291 = 3*b. What are the prime factors of h?
3, 23
Let d be (-22)/99 + (-724)/(-18) - -1. Let b(s) = s**3 + 102*s**2 - 41*s**2 + 17*s + 39 - d*s**2. What are the prime factors of b(-19)?
7, 11
Let m be 18*(-55)/99*(-9)/15. List the prime factors of 12/9 + -2 + 1960/m.
2, 163
Let k(x) = -171*x + 26*x + 5 - 7*x - 9. Let l be k(-1). Let g = l + -66. What are the prime factors of g?
2, 41
Let u = 122 - -50. Suppose -33*q = -35*q + u. Let x = -46 + q. List the prime factors of x.
2, 5
Suppose 4*y = -o + 1169, 3*o + 5*y - 3401 = 78. Let m = o - 664. What are the prime factors of m?
3, 163
Suppose -3*j + 4271 + 5356 = 0. Let g = j - 1844. List the prime factors of g.
3, 5, 7, 13
Let z = 689 + -597. What are the prime factors of (z + -76)*(-132)/(-2)?
2, 3, 11
Let d(x) = 4*x**2 + 27*x - 3. Let k be d(-7). Suppose -5*z - 3*s + k*s + 371 = 0, -300 = -4*z + 4*s. List the prime factors of z.
2, 37
Suppose -n + 3*s - 3 = 0, 2*s - 6 = -3*n + 7. Suppose -j - n*j = -88. Let g = j + 22. List the prime factors of g.
2, 11
What are the prime factors of 1/(((-403)/120146)/(-31))?
2, 4621
Let m = 618 + 4103. List the prime factors of m.
4721
Let a(d) = d + 482. What are the prime factors of a(71)?
7, 79
Suppose -p + 84 = m, -p = -9*m + 4*m + 432. Let n be 296 + (4 - (5 - 3)). Let a = n - m. What are the prime factors of a?
2, 53
Suppose -3*w + 0*k = 2*k, -5*w = -5*k + 25. Let d(u) = 472*u**3 - 955*u**3 - 2 + 476*u**3 - 2*u**2. What are the prime factors of d(w)?
2, 23
Suppose 0*y + 5060 = 5*u - 5*y, 2*y = 5*u - 5057. Suppose u = -19*p + 12392. What are the prime factors of p?
599
Suppose -48 = -3*x + 7*x. Let t(j) = 16*j + 122*j**2 + 13*j**2 - 145*j**2 + 2 - j**3. What are the prime factors of t(x)?
2, 7
Let b be (-2 + 2/4)/(3/(-234)). What are the prime factors of 26/8*(b + 19)?
2, 13, 17
Let j = -290 - -571. Let h = -550 + j. Let l = 412 + h. What are the prime factors of l?
11, 13
Suppose 8 = v, 822*q + 77431 = 827*q + 2*v. List the prime factors of q.
3, 13, 397
Let q = 23995 + -19199. List the prime factors of q.
2, 11, 109
Suppose -141209 = -5*h + 2*s, 71*s - 66*s - 56472 = -2*h. List the prime factors of h.
31, 911
Let s(r) = -r**2 - 26*r - 8. Let q be s(-29). Let k = q + 98. Suppose -3*z = -k*y - 201, 5*y - 32 = -3*z + 193. List the prime factors of z.
2, 5, 7
Let b = -170 + 283. Suppose -6*k - 23 = -b. Suppose 3*a + 3*m - k = 0, -3*a + 27 = -0*m - 3*m. List the prime factors of a.
7
Let g be (-1)/(-4) + -5*33/(-12). Suppose 0 = -g*r + 21*r - 10563. What are the prime factors of r?
3, 503
Let f = -73 - -67. Let g(w) = -w**2 - 11*w - 32. Let m be g(f). What are the prime factors of 134 - (4 + -4 - m)?
2, 3, 11
Suppose 0 = -4*o + 16937 + 9026 + 3945. What are the prime factors of o?
7477
Let x be (-14)/(-2)*(12/(-3))/(-4). Suppose -480 - 3125 = -x*m. What are the prime factors of m?
5, 103
Let m(c) = 822*c**2 - 24*c - 118. Let z be m(-5). List the prime factors of z/160*5 + 1/(-4).
2, 3, 107
Let w = -54 - -3590. Suppose 0 = -21*z + 29*z - w. What are the prime factors of z?
2, 13, 17
Suppose -4*t + 310413 = -5*v, 2*v + 825 = 823. List the prime factors of t.
2, 7, 23, 241
Let q(i) be the first derivative of -i**2/2 - 7*i + 15. Let c be q(4). List the prime factors of 2/c + 6000/88.
2, 17
Suppose 7 = -v + 14. Let w be 27/(-63) - (-45)/v. Let p(b) = b**2 + 10*b + 6. List the prime factors of p(w).
2, 3, 17
Suppose 263745 + 904401 = 19*h + 240053. What are the prime factors of h?
48847
What are the prime factors of (12/(-10) - 2)*38715/(-174)?
2, 89
Suppose -701142 - 3775579 = -173*q + 79753. List the prime factors of q.
2, 13, 1013
Let h = 7346 + -4707. List the prime factors of (h/28)/((-8)/(-96)).
3, 13, 29
What are the prime factors of 7024 + 45/6*6/(-30)*4?
2, 11, 29
Suppose 292*o - 288*o = -2*m + 8480, 5*m - 3*o = 21187. List the prime factors of m.
2, 13, 163
Let z be (-2 + 2 + -81)*-1. Let d be (-18)/z - (-506)/9. Let s = 245 - d. List the prime factors of s.
3, 7
Let n(u) = u**2 - 8*u + 10. Let i = 49 + -42. Let j be n(i). Suppose -j*w + 51 = -3*q, -4*w + 73 + 10 = -q. What are the prime factors of w?
2, 11
Suppose -46*c = -24*c - 44. Suppose 3 = -a, -c*i + a = -4*i + 1371. List the prime factors of i.
3, 229
Let y(z) = -28*z**3 + 54*z**2 + 313*z + 7. List the prime factors of y(-7).
2, 7, 719
What are the prime factors of (-16)/6*(-9087)/932?
2, 13
What are the prime factors of 32971 - (-21 + (-377)/(-13))?
7, 17, 277
Suppose -6074 = -2*i - 4*n, 0*i + 2*i + 5*n - 6072 = 0. List the prime factors of i.
3041
Let q(l) = 10*l + 58 + 6*l**2 + l**2 + 5*l**2 - 9*l**2. List the prime factors of q(-13).
3, 5, 29
Let b(g) = -g**3 + 14*g**2 - 3. Suppose 0 = -3*p - 3 + 30. List the prime factors of b(p).
2, 3, 67
Let o(l) = -2*l**3 + 3*l**2 - l + 3. Let q be o(0). Suppose 15 = q*i - 507. What are the prime factors of i?
2, 3, 29
Let d = -100 + 181. Suppose 18*k - 16*k - s = 151, -5*k - 2*s = -382. Suppose -635 = k*w - d*w. What are the prime factors of w?
127
Suppose -7*z - 5*q = -330777, -5*z = -2*q - 59203 - 177044. What are the prime factors of z?
47251
Let i = -1187 + 4746. List the prime factors of i.
3559
Suppose 5*b - b - 8 = 0. Let x be 24*((-9)/(-6) + b). Let n = x + -11. List the prime factors of n.
73
Let u(j) be the first derivative of j**4/4 + 16*j**3/3 + 18*j**2 + 14*j + 6. What are the prime factors of u(-8)?
2, 7, 17
Suppose -38*m + 39*m = 30. Suppose 2292 = m*h - 26*h. What are the prime factors of h?
3, 191
Let c(j) = -96 + 35 + 239*j - 2 - 87. List the prime factors of c(6).
2, 3, 107
Let g(f) = 44*f**2 - 14*f + 9. Suppose 28*v = 25*v + 9. List the prime factors of g(v).
3, 11
Let m(g) = -g**3 + 15*g**2 - 13*g - 10. Let a be m(14). Suppose b + 12 = -5*l, 0 = 3*b + a*l - 4 - 4. List the prime factors of b.
2
Suppose 1 = -4*t + 1. Suppose -4*h + 4 = 2*m, 5*m + h + h + 30 = t. Let i = m - -50. What are the prime factors of i?
2, 3, 7
Suppose 839 + 2171 = 5*i. Suppose -1193 = 2*l - 0*l + a, i = -l + 5*a. List the prime factors of l/(-12) - (20/(-16) + 1).
2, 5
Let z = 91 + -91. Suppose 2*s + z*y = y - 96, 102 = -2*s - 2*y. Let u = s - -83. List the prime factors of u.
2, 17
Let d = 14972 + -8385. What are the prime factors of d?
7, 941
Let d(y) = y**3 - 12*y**2 - 16*y + 19. Let h be d(13). Let a(l) = -l**3 - 20*l**2 - 3*l - 29. Let c be a(h). List the prime factors of c*((-6 - -2) + 5).
31
Let p(i) = 14*i**2 - 12*i - 6. Let h(x) = -x + 1. Let z(k) = -4*h(k) - p(k). Let s be z(-7). List the prime factors of (1*2)/(-2 - 1600/s).
199
Suppose 116 = -3*r + 470. Let j be (r/5)/(3/(-15)). Let u = -79 - j. List the prime factors of u.
3, 13
List the prime factors of -77*(1990/20)/(1/(-2)).
7, 11, 199
Suppose 2*m = 3*m + 3*n - 990, 5*n = 2*m - 1980. Suppose 0 = -15*c + 20*c - m. List the prime factors of c.
2, 3, 11
Let s(w) = 3*w**3 - 27*w**2 + 13*w - 17. List the prime factors of s(11).
2, 3, 71
Let s be 2 - -32*(0 - 5/(-10)). Let u(f) = -f**2 + 41*f - 58. List the prime factors of u(s).
2, 89
Suppose 0 = -2*k + 8, -2*c - 34 = -3*c - 5*k. Let f(a) = 50*a + 68. What are the prime factors of f(c)?
2, 3
Suppose d - 1 = v, 3*d = -3*v - 0*d + 3. Suppose v = -i - 2*i + 1605. List the prime factors of i.
5, 107
Let r = 40 - 39. Suppose 54 = -w + 3*w - 3*u, -w + r = 5*u. What are the prime factors of 406/w*9/6?
29
Let k = 233 - 125. Suppose -15*q + 3*q = -k. Let d = q + 61. List the prime factors of d.
2, 5, 7
Let p be (1 + (-16)/(-12))/((-4)/1068). Let h = -608 - p. List the prime factors of h.
3, 5
Let c = -127 - -1030. Suppose -h = -l + 450, -52*l + 50*l - h = -c. What are the prime factors of l?
11, 41
Suppose 20*m - 3*s - 101227 = 16*m, 4*s = 3*m - 75929. List the prime factors of m.
25303
Let p(t) = t**3 + 18*t**2 - 45*t + 87. What are the prime factors of p(-18)?
3, 13, 23
Let u be -6*(-6 - 6/(-3)). Let a = -298 - -347. List the prime factors of (a/(-42)*-9)/(2/u).
2, 3, 7
Let d = 33042 + -19621. List the prime factors of d.
13421
Let v(o) = o**2 - 1